 What is the units digit of z?
2
Suppose 4*g + 10 = 2*p, 19 = -2*p + 4*p + 5*g. Suppose p*d + 599 - 3028 = 0. What is the tens digit of d?
4
Let x be 6/27 - 1644/108. Let k = 75 - 120. Let t = x - k. What is the units digit of t?
0
Let c be (-156)/26 + (11 - 0). Let z = 5 + -1. Suppose 0 = -4*s + z*n + 476, 2*n = c*n + 9. What is the tens digit of s?
1
Let x(f) = f**3 + 58*f**2 - 71*f + 179. What is the hundreds digit of x(-51)?
0
Suppose -3*k + 4*v = -4758, 4*k + 4*v = 155 + 6189. Suppose -k = -9*i + 133. Suppose 0*m - w = 3*m - i, 6 = 3*w. What is the tens digit of m?
6
Suppose 3*p - 60372 = 3*j, 60365 = 3*p - 94*j + 90*j. What is the ten thousands digit of p?
2
Let u(x) = -9*x - 4. Let y = 55 - 56. Let r be u(y). Suppose -r*h = 2*h - 574. What is the units digit of h?
2
Suppose 2*v - 63 = 5*z, 74 = 5*v + 5*z + 4. Suppose v*d - 16*d - 1545 = 0. What is the hundreds digit of d?
5
Let k(d) = -484*d**3 - 18*d**2 - 93*d - 86. What is the tens digit of k(-3)?
9
Let v(b) = b**3 + 14*b**2 - 9*b - 25. Suppose -3*l = y - 132, 105 - 12 = 2*l - y. Suppose 4*c - 5 = -2*p - 29, 3*p + l = 3*c. What is the units digit of v(p)?
1
What is the hundreds digit of 44/88*49370/5?
9
Let y = -5283 - -13159. What is the tens digit of y?
7
Suppose 0 = 19*r - 45226 - 24238. What is the units digit of r?
6
Suppose 0 = 10*p - 2*p - 225*p + 4397288. What is the tens digit of p?
6
Suppose 20*x - 29*x + 3177 = 0. Suppose 2*f + 1731 = 5*u - f, 0 = -u + 4*f + x. What is the hundreds digit of u?
3
Let z be (-4)/40*4*-1*20. Suppose -z = 3*o - 7*o. What is the units digit of (-2 - -44) + ((-6)/(-2) - o)?
3
Let y(z) = -z**2 + z + 1. Let t(x) = -4*x**2 + x + 16. Let q(g) = t(g) - 5*y(g). Suppose 5*o = 2*o + 2*s + 17, 4*o - 46 = -2*s. What is the tens digit of q(o)?
5
What is the hundreds digit of (-2 - -6339) + -10 + 11?
3
Suppose -4*v + 6 = -7*v + 3*m, -v - 2*m - 5 = 0. Let z be 29 - (v/(-4))/(10/40). Suppose -z - 37 = -3*k. What is the units digit of k?
1
Let g = -17 - -39. Suppose -2*p - 14 = 2*t + 2*t, -4*p - 3*t - 3 = 0. Suppose -v = 4*y - p*v - g, 3*y + v = 24. What is the units digit of y?
7
Let r(t) = -71*t**3 - 2*t**2 - 90*t - 712. What is the tens digit of r(-8)?
3
Let d = 7371 + 33270. What is the tens digit of d?
4
Suppose 302 + 258 = 10*x. Let j(c) = 28*c**2 + 2*c + 1. Let r be j(-2). Let g = r - x. What is the units digit of g?
3
Let g(q) = -q**3 - 18*q**2 + 41*q + 25. Let t be g(-20). Suppose 3*o - 3*n - 583 = 245, 4*o = -t*n + 1122. What is the units digit of o?
8
Suppose 20*k - 8*k - 192 = 0. Suppose 0 = -k*g + 11*g + 2585. What is the hundreds digit of g?
5
Let w(m) be the second derivative of m**4/12 + 201*m**2/2 - 27*m. Suppose -5*j = 4*z + 10, -4*j = -8*j - 8. What is the units digit of w(z)?
1
Let k(l) = 101*l**2 + 41*l + 247. What is the thousands digit of k(-18)?
2
Let a(n) be the first derivative of -19*n**2 + 3*n + 36. Let v be a(-5). Let i = v + 49. What is the hundreds digit of i?
2
Suppose -2*v = -5*x - 35579, -25*x = -10*v - 27*x + 178030. What is the tens digit of v?
0
Let z be 1*(8 + -4 - 4). Suppose -h + z = -5. Suppose -h*u = -76 - 179. What is the tens digit of u?
5
Suppose 0 = -2*w + n + 16, 0 = 2*w + 2*w + 3*n - 52. Let t(i) = 15 - 7 + 26 - w*i - 2. What is the tens digit of t(-4)?
7
Let k(y) = -33*y - 364. Let v(t) = t - 2. Let d(o) = k(o) - 6*v(o). What is the hundreds digit of d(-22)?
5
Suppose -w + 136 = 160. Let p(r) = r**2 + r + 37. Let a be p(0). Let s = a - w. What is the tens digit of s?
6
Let f(x) = 5*x**2 + 5*x - 7. Let u(t) = 4*t**2 + 6*t - 8. Let o(n) = 5*f(n) - 6*u(n). Let i be o(6). Let y = 51 - i. What is the tens digit of y?
6
Suppose -3*s = 1843 + 1103. What is the units digit of (-2)/6 + s*3/(-9)?
7
Let k(w) = -13*w**2 + 7*w + 10. Let o be k(-3). Let z = 148 + o. What is the units digit of z?
0
Suppose 33*b = 37*b - 6864. What is the tens digit of (b/8)/3*6?
2
Let h(m) = -10*m + 228. Let n be h(23). Let j be ((-6)/(-4))/(6/8). What is the tens digit of (4/j)/(n/2)*-46?
9
Suppose -455 = -13*p + 377. Let r = p + -54. Suppose m - 4*m + 4*d = -16, 0 = 2*d - r. What is the tens digit of m?
1
Suppose -16*o - 17404 = 22*o. Let p = o + 524. What is the units digit of p?
6
What is the hundreds digit of (1232/(-203) - -6) + (-851448)/(-116)?
3
Suppose 55*u = 52*u + 3, -3*u - 110465 = -4*r. What is the ten thousands digit of r?
2
Let y be 2/(-6)*(42/(-1))/(-2). What is the tens digit of (-3)/(9/(-48)) + (y - -3)?
1
Suppose -178 - 197 = -5*n - y, 2*n + 2*y - 150 = 0. Let j = 224 - n. What is the hundreds digit of j?
1
Suppose 65*f - 70*f + 5*g + 9210 = 0, -7375 = -4*f - 3*g. What is the units digit of f?
3
Let o(z) = -1323*z**2 + 2*z + 2658*z**2 - 3 + 97*z**3 - 1333*z**2. What is the tens digit of o(1)?
9
Let o(x) = 7*x + 51. Suppose 28*y - 8*y = 220. What is the hundreds digit of o(y)?
1
Suppose -3*z = r - 2342 - 10201, 0 = -5*z - r + 20907. What is the units digit of z?
2
Let s be 1*((-24)/4 - 74). Let b = s - -718. What is the tens digit of b?
3
Let s(f) = -82*f**3 - 4*f**2 - 6*f + 3. Let i be 7/(-21)*(36/(-2))/(-3). What is the hundreds digit of s(i)?
6
Let b(m) = m + 10. Let s be b(3). Let u(v) = 5 - 5 - 23 + 26*v - s. What is the units digit of u(7)?
6
Let p be -2 - 7/(7/(-95)). Suppose 0 = -3*w - 4*d + p, 0*w - 5*d + 93 = 3*w. Let j = -22 + w. What is the units digit of j?
9
Suppose -6*z + 40260 + 85323 = 21843. What is the hundreds digit of z?
2
Suppose 156*x - 158*x = -750. Suppose -5*a + 0*a + 2*v - 1064 = 0, a = -v - 217. Let h = x + a. What is the hundreds digit of h?
1
Let i(k) be the third derivative of -k**4/3 - 31*k**3/2 - 6*k**2 - 2*k. What is the tens digit of i(-15)?
2
Let y(c) = c**2 + c**2 - 51 - 2*c - c**2 + 40. Let a be y(-10). Let j = -77 + a. What is the tens digit of j?
3
Let q(v) = -v**2 + 5*v - 2. Let d be q(3). Suppose -h = 3*o - 4239, -7079 = -5*o - h + d*h. What is the tens digit of o?
1
Let u(g) = -5*g + 11. Let p be u(4). Let w = p + 11. Suppose 0 = -i + w*s + 3 + 11, -4*i = s - 83. What is the tens digit of i?
2
Suppose -f + 2*a + 18 = 0, -1 + 2 = -3*f - 5*a. Suppose -f = -4*l, l - 761 = 4*p - 2843. What is the hundreds digit of p?
5
Let t(p) = 2*p**3 - 21*p**2 - 96*p + 76. What is the thousands digit of t(18)?
3
What is the thousands digit of (129/86 + -18)*17684/(-6)?
8
Let u be (-1 + 5 + -1)*2/(-3). What is the hundreds digit of (-10 - -14)*(-274)/u?
5
Let p = 170 + -62. Let y be (p/14)/((-1)/(-7)). What is the units digit of 7 - 10 - y/(-2)?
4
Let m(w) = -w**3 - 5*w**2 + 6*w + 8. Let c = 39 + -34. Suppose -v = -5*f + 12, -c*f - 1 - 8 = 2*v. What is the tens digit of m(v)?
6
Let d be (-147 - 2/(-1)) + 1. Let b = 6 - d. What is the hundreds digit of b?
1
Let f be 0 + -1*0/((-3)/(-1)). Let m(c) = -c**3 + c**2 + 376. Let o be m(f). Suppose -o = -8*i + 176. What is the tens digit of i?
6
What is the units digit of 25/(-40) + 25268/32?
9
Suppose -4*d + 20 = 0, 2*w - 3*d = 14126 + 2601. What is the thousands digit of w?
8
Let b(z) = -48*z + 14. Let r(q) = -42*q + 13. Let u(i) = 43*i - 13. Let y(f) = -5*r(f) - 6*u(f). Let h(o) = -2*b(o) + 3*y(o). What is the tens digit of h(-2)?
0
Suppose -v + 13 = 5*y - 2, -y - 5*v = 21. Suppose 0 = y*p - 6*p + 4*q + 12, -12 = -5*p + q. What is the tens digit of ((-12)/(-33))/p - 304/(-22)?
1
Let h(j) = -j**3 + 15*j**2 - 7*j + 121. Let u be h(15). Suppose 0 = 6*a - u*a + 5240. What is the tens digit of a?
2
Suppose 6*d + 2*d = -0*d + 200240. What is the ten thousands digit of d?
2
Suppose 0 = 56*p + 384770 - 1251538. What is the units digit of p?
8
Suppose -62 - 2 = -g. Suppose -g - 128 = -3*h. Let y = 35 + h. What is the tens digit of y?
9
Suppose -3*b - q + 5*q + 22553 = 0, 5*b - 37603 = 3*q. What is the hundreds digit of b?
5
Let y be 5 + 16/(5/70*4). Let x = y - -1292. What is the tens digit of x?
5
Suppose -24*d + 1956169 - 104017 = 0. What is the thousands digit of d?
7
Let d(h) = -h**3 - 42*h**2 - 49*h + 393. What is the hundreds digit of d(-44)?
4
Suppose 2254 = 11*c - 14*c + 10*c. What is the units digit of c?
2
Let z be (-32)/(9/(-3)*(-4)/(-12)). Suppose 16*f + 11232 = z*f. What is the hundreds digit of f?
7
Suppose 4*h = 23*o - 20*o - 24394, -2*o + h + 16271 = 0. What is the thousands digit of o?
8
Suppose -63163 = -14*s - 6351. Let q = 5920 - s. What is th